{"id":81,"date":"2026-03-29T21:06:53","date_gmt":"2026-03-29T20:06:53","guid":{"rendered":"https:\/\/zingraff.eu\/?page_id=81"},"modified":"2026-03-30T21:09:30","modified_gmt":"2026-03-30T20:09:30","slug":"faq","status":"publish","type":"page","link":"https:\/\/zingraff.eu\/?page_id=81","title":{"rendered":"FAQ"},"content":{"rendered":"\n<ul class=\"wp-block-list\">\n<li><strong>Les horaires de l&rsquo;\u00e9v\u00e8nement : <\/strong><br>16h30 \u00e0 l&rsquo;\u00e9glise <a href=\"https:\/\/maps.app.goo.gl\/Komtq3jWioxYpxFM7\" data-type=\"link\" data-id=\"https:\/\/maps.app.goo.gl\/Komtq3jWioxYpxFM7\">Saint S\u00e9bastien<\/a> de Terville puis <br>Vin d&rsquo;Honneur et repas a la salle \u00ab\u00a0L&rsquo;Atrium\u00a0\u00bb <br>(<a href=\"https:\/\/maps.app.goo.gl\/JuhvUU1wwpfuA7nu9\" data-type=\"link\" data-id=\"https:\/\/maps.app.goo.gl\/JuhvUU1wwpfuA7nu9\">All. de l&rsquo;Atrium, 57570 Berg-sur-Moselle<\/a>)<br><\/li>\n\n\n\n<li><strong>Y a t-il un code couleur ?<\/strong><br>Non, venez comme vous \u00eates ! <br>(nous aurons une dominante de bleu et de beige)<br><\/li>\n\n\n\n<li><strong>Ou peut t-on dormir ?<\/strong><br>Pour les plus courageux, il y a une petite pi\u00e8ce derri\u00e8re la salle, ramenez de quoi dormir(sac de couchage et matelas)<br><strong>NB : <\/strong>La salle n&rsquo;est pas \u00e9quip\u00e9 de douches<br><br>La salle est \u00e9quip\u00e9 de prise caravane<br><br>Possibilit\u00e9 de dormir sous tente derri\u00e8re la salle <br>(le terrain est ferm\u00e9) &#8211; Merci de nous pr\u00e9venir si vous \u00eates int\u00e9ress\u00e9 pour que nous regardons pour des tentes gobi(tipi)<br><br>Camping de Malling (le plus proche)<br>AirBnb &amp; Logis de France \u00e0 proximit\u00e9 (Cattenom, K\u0153nigsmacker)<br>H\u00f4tel \u00e0 Thionville<\/li>\n<\/ul>\n\n\n\n<figure class=\"wp-block-image size-full is-resized\"><img loading=\"lazy\" decoding=\"async\" width=\"1024\" height=\"1024\" src=\"https:\/\/zingraff.eu\/wp-content\/uploads\/2026\/03\/86cc9f5e-7ada-4267-8271-e29a0d1ef8da.png\" alt=\"\" class=\"wp-image-93\" style=\"width:103px;height:auto\" srcset=\"https:\/\/zingraff.eu\/wp-content\/uploads\/2026\/03\/86cc9f5e-7ada-4267-8271-e29a0d1ef8da.png 1024w, https:\/\/zingraff.eu\/wp-content\/uploads\/2026\/03\/86cc9f5e-7ada-4267-8271-e29a0d1ef8da-300x300.png 300w, https:\/\/zingraff.eu\/wp-content\/uploads\/2026\/03\/86cc9f5e-7ada-4267-8271-e29a0d1ef8da-150x150.png 150w, https:\/\/zingraff.eu\/wp-content\/uploads\/2026\/03\/86cc9f5e-7ada-4267-8271-e29a0d1ef8da-768x768.png 768w\" sizes=\"auto, (max-width: 1024px) 100vw, 1024px\" \/><\/figure>\n\n\n\n<p>En cas de besoin, envoyez un e-mail \u00e0 <a href=\"mailto:mariage@zingraff.eu\">mariage@zingraff.eu<\/a><\/p>\n","protected":false},"excerpt":{"rendered":"<p>En cas de besoin, envoyez un e-mail \u00e0 mariage@zingraff.eu<\/p>\n","protected":false},"author":1,"featured_media":0,"parent":0,"menu_order":0,"comment_status":"closed","ping_status":"closed","template":"","meta":{"footnotes":""},"class_list":["post-81","page","type-page","status-publish","hentry"],"_links":{"self":[{"href":"https:\/\/zingraff.eu\/index.php?rest_route=\/wp\/v2\/pages\/81","targetHints":{"allow":["GET"]}}],"collection":[{"href":"https:\/\/zingraff.eu\/index.php?rest_route=\/wp\/v2\/pages"}],"about":[{"href":"https:\/\/zingraff.eu\/index.php?rest_route=\/wp\/v2\/types\/page"}],"author":[{"embeddable":true,"href":"https:\/\/zingraff.eu\/index.php?rest_route=\/wp\/v2\/users\/1"}],"replies":[{"embeddable":true,"href":"https:\/\/zingraff.eu\/index.php?rest_route=%2Fwp%2Fv2%2Fcomments&post=81"}],"version-history":[{"count":10,"href":"https:\/\/zingraff.eu\/index.php?rest_route=\/wp\/v2\/pages\/81\/revisions"}],"predecessor-version":[{"id":112,"href":"https:\/\/zingraff.eu\/index.php?rest_route=\/wp\/v2\/pages\/81\/revisions\/112"}],"wp:attachment":[{"href":"https:\/\/zingraff.eu\/index.php?rest_route=%2Fwp%2Fv2%2Fmedia&parent=81"}],"curies":[{"name":"wp","href":"https:\/\/api.w.org\/{rel}","templated":true}]}}